{"id":15069,"date":"2022-11-29T14:53:20","date_gmt":"2022-11-29T14:53:20","guid":{"rendered":"https:\/\/bilasmidurinn.is\/?post_type=product&#038;p=15069"},"modified":"2022-11-29T15:09:57","modified_gmt":"2022-11-29T15:09:57","slug":"led-ljoskastari-med-dagljosi-stoduljosi-og-stefnuljosi","status":"publish","type":"product","link":"https:\/\/bilasmidurinn.is\/pl\/vefverslun\/ljos\/ljoskastarar\/led-ljoskastari-med-dagljosi-stoduljosi-og-stefnuljosi\/","title":{"rendered":"Reflektor LED ze \u015bwiat\u0142em do jazdy dziennej, \u015bwiat\u0142em postojowym i kierunkowskazem."},"content":{"rendered":"<p>\u015awiat\u0142a drogowe LED ze \u015bwiat\u0142ami do jazdy dziennej, \u015bwiat\u0142ami postojowymi i \u015bwiat\u0142ami kierunkowymi. 9\u2033 12\/24v<\/p>\n<p>12800Lm 162W,<\/p>\n<p>ECE R10\/48 EMC, CISPR25 klasa 3.<\/p>\n<p>Soczewka z poliw\u0119glanu i obudowa z odlewanego aluminium.<\/p>\n<p>\u0141\u0105czniki ze stali nierdzewnej ze \u015brubami ze stali nierdzewnej M8 i M10<\/p>\n<p>Kabel 500mm.<\/p>\n<p>Zasi\u0119g 740m<\/p>\n<p>233x106x243mm<\/p>\n<p>&nbsp;<\/p>\n<p>&nbsp;<\/p>","protected":false},"excerpt":{"rendered":"<p>\u015awiat\u0142a drogowe Led 7\u2033 ze \u015bwiat\u0142ami do jazdy dziennej, postojowymi i kierunkowskazami 12\/24V Zasi\u0119g 740m<\/p>","protected":false},"featured_media":15070,"template":"","meta":[],"product_brand":[7927],"product_cat":[7893,8042],"product_tag":[],"class_list":{"0":"post-15069","1":"product","2":"type-product","3":"status-publish","4":"has-post-thumbnail","6":"product_brand-www-247lighting-net","7":"product_cat-ljos","8":"product_cat-ljoskastarar","10":"first","11":"onbackorder","12":"shipping-taxable","13":"product-type-simple"},"yoast_head":"<!-- This site is optimized with the Yoast SEO plugin v27.5 - https:\/\/yoast.com\/product\/yoast-seo-wordpress\/ -->\n<title>LED lj\u00f3skastari me\u00f0 daglj\u00f3si, st\u00f6\u00f0ulj\u00f3si og stefnulj\u00f3si. - B&iacute;lasmi&eth;urinn<\/title>\n<meta name=\"robots\" content=\"index, follow, max-snippet:-1, max-image-preview:large, max-video-preview:-1\" \/>\n<link rel=\"canonical\" href=\"https:\/\/bilasmidurinn.is\/pl\/vefverslun\/ljos\/ljoskastarar\/led-ljoskastari-med-dagljosi-stoduljosi-og-stefnuljosi\/\" \/>\n<meta property=\"og:locale\" content=\"pl_PL\" \/>\n<meta property=\"og:type\" content=\"article\" \/>\n<meta property=\"og:title\" content=\"LED lj\u00f3skastari me\u00f0 daglj\u00f3si, st\u00f6\u00f0ulj\u00f3si og stefnulj\u00f3si. - B&iacute;lasmi&eth;urinn\" \/>\n<meta property=\"og:description\" content=\"Led 7&quot; \u00f6kukastari me\u00f0 daglj\u00f3si, st\u00f6\u00f0ulj\u00f3si og stefnulj\u00f3si 12\/24V\u00a0 740m dr\u00e6gni\" \/>\n<meta property=\"og:url\" content=\"https:\/\/bilasmidurinn.is\/pl\/vefverslun\/ljos\/ljoskastarar\/led-ljoskastari-med-dagljosi-stoduljosi-og-stefnuljosi\/\" \/>\n<meta property=\"og:site_name\" content=\"B&iacute;lasmi&eth;urinn\" \/>\n<meta property=\"article:modified_time\" content=\"2022-11-29T15:09:57+00:00\" \/>\n<meta property=\"og:image\" content=\"https:\/\/bilasmidurinn.is\/wp-content\/uploads\/2022\/11\/CA6173.png\" \/>\n\t<meta property=\"og:image:width\" content=\"500\" \/>\n\t<meta property=\"og:image:height\" content=\"500\" \/>\n\t<meta property=\"og:image:type\" content=\"image\/png\" \/>\n<meta name=\"twitter:card\" content=\"summary_large_image\" \/>\n<script type=\"application\/ld+json\" class=\"yoast-schema-graph\">{\"@context\":\"https:\\\/\\\/schema.org\",\"@graph\":[{\"@type\":\"WebPage\",\"@id\":\"https:\\\/\\\/bilasmidurinn.is\\\/en\\\/vefverslun\\\/ljos\\\/ljoskastarar\\\/led-ljoskastari-med-dagljosi-stoduljosi-og-stefnuljosi\\\/\",\"url\":\"https:\\\/\\\/bilasmidurinn.is\\\/en\\\/vefverslun\\\/ljos\\\/ljoskastarar\\\/led-ljoskastari-med-dagljosi-stoduljosi-og-stefnuljosi\\\/\",\"name\":\"LED lj\u00f3skastari me\u00f0 daglj\u00f3si, st\u00f6\u00f0ulj\u00f3si og stefnulj\u00f3si. - B&iacute;lasmi&eth;urinn\",\"isPartOf\":{\"@id\":\"https:\\\/\\\/bilasmidurinn.is\\\/#website\"},\"primaryImageOfPage\":{\"@id\":\"https:\\\/\\\/bilasmidurinn.is\\\/en\\\/vefverslun\\\/ljos\\\/ljoskastarar\\\/led-ljoskastari-med-dagljosi-stoduljosi-og-stefnuljosi\\\/#primaryimage\"},\"image\":{\"@id\":\"https:\\\/\\\/bilasmidurinn.is\\\/en\\\/vefverslun\\\/ljos\\\/ljoskastarar\\\/led-ljoskastari-med-dagljosi-stoduljosi-og-stefnuljosi\\\/#primaryimage\"},\"thumbnailUrl\":\"https:\\\/\\\/bilasmidurinn.is\\\/wp-content\\\/uploads\\\/2022\\\/11\\\/CA6173.png\",\"datePublished\":\"2022-11-29T14:53:20+00:00\",\"dateModified\":\"2022-11-29T15:09:57+00:00\",\"breadcrumb\":{\"@id\":\"https:\\\/\\\/bilasmidurinn.is\\\/en\\\/vefverslun\\\/ljos\\\/ljoskastarar\\\/led-ljoskastari-med-dagljosi-stoduljosi-og-stefnuljosi\\\/#breadcrumb\"},\"inLanguage\":\"pl-PL\",\"potentialAction\":[{\"@type\":\"ReadAction\",\"target\":[\"https:\\\/\\\/bilasmidurinn.is\\\/en\\\/vefverslun\\\/ljos\\\/ljoskastarar\\\/led-ljoskastari-med-dagljosi-stoduljosi-og-stefnuljosi\\\/\"]}]},{\"@type\":\"ImageObject\",\"inLanguage\":\"pl-PL\",\"@id\":\"https:\\\/\\\/bilasmidurinn.is\\\/en\\\/vefverslun\\\/ljos\\\/ljoskastarar\\\/led-ljoskastari-med-dagljosi-stoduljosi-og-stefnuljosi\\\/#primaryimage\",\"url\":\"https:\\\/\\\/bilasmidurinn.is\\\/wp-content\\\/uploads\\\/2022\\\/11\\\/CA6173.png\",\"contentUrl\":\"https:\\\/\\\/bilasmidurinn.is\\\/wp-content\\\/uploads\\\/2022\\\/11\\\/CA6173.png\",\"width\":500,\"height\":500},{\"@type\":\"BreadcrumbList\",\"@id\":\"https:\\\/\\\/bilasmidurinn.is\\\/en\\\/vefverslun\\\/ljos\\\/ljoskastarar\\\/led-ljoskastari-med-dagljosi-stoduljosi-og-stefnuljosi\\\/#breadcrumb\",\"itemListElement\":[{\"@type\":\"ListItem\",\"position\":1,\"name\":\"Home\",\"item\":\"https:\\\/\\\/bilasmidurinn.is\\\/\"},{\"@type\":\"ListItem\",\"position\":2,\"name\":\"V\u00f6rur \u00ed verslun\",\"item\":\"https:\\\/\\\/bilasmidurinn.is\\\/vefverslun\\\/\"},{\"@type\":\"ListItem\",\"position\":3,\"name\":\"LED lj\u00f3skastari me\u00f0 daglj\u00f3si, st\u00f6\u00f0ulj\u00f3si og stefnulj\u00f3si.\"}]},{\"@type\":\"WebSite\",\"@id\":\"https:\\\/\\\/bilasmidurinn.is\\\/#website\",\"url\":\"https:\\\/\\\/bilasmidurinn.is\\\/\",\"name\":\"B&iacute;lasmi&eth;urinn\",\"description\":\"All sem &thorn;&uacute; &thorn;arft &iacute; t&aelig;ki&eth;\",\"potentialAction\":[{\"@type\":\"SearchAction\",\"target\":{\"@type\":\"EntryPoint\",\"urlTemplate\":\"https:\\\/\\\/bilasmidurinn.is\\\/?s={search_term_string}\"},\"query-input\":{\"@type\":\"PropertyValueSpecification\",\"valueRequired\":true,\"valueName\":\"search_term_string\"}}],\"inLanguage\":\"pl-PL\"}]}<\/script>\n<!-- \/ Yoast SEO plugin. -->","yoast_head_json":{"title":"LED lj\u00f3skastari me\u00f0 daglj\u00f3si, st\u00f6\u00f0ulj\u00f3si og stefnulj\u00f3si. - B&iacute;lasmi&eth;urinn","robots":{"index":"index","follow":"follow","max-snippet":"max-snippet:-1","max-image-preview":"max-image-preview:large","max-video-preview":"max-video-preview:-1"},"canonical":"https:\/\/bilasmidurinn.is\/pl\/vefverslun\/ljos\/ljoskastarar\/led-ljoskastari-med-dagljosi-stoduljosi-og-stefnuljosi\/","og_locale":"pl_PL","og_type":"article","og_title":"LED lj\u00f3skastari me\u00f0 daglj\u00f3si, st\u00f6\u00f0ulj\u00f3si og stefnulj\u00f3si. - B&iacute;lasmi&eth;urinn","og_description":"Led 7\" \u00f6kukastari me\u00f0 daglj\u00f3si, st\u00f6\u00f0ulj\u00f3si og stefnulj\u00f3si 12\/24V\u00a0 740m dr\u00e6gni","og_url":"https:\/\/bilasmidurinn.is\/pl\/vefverslun\/ljos\/ljoskastarar\/led-ljoskastari-med-dagljosi-stoduljosi-og-stefnuljosi\/","og_site_name":"B&iacute;lasmi&eth;urinn","article_modified_time":"2022-11-29T15:09:57+00:00","og_image":[{"width":500,"height":500,"url":"https:\/\/bilasmidurinn.is\/wp-content\/uploads\/2022\/11\/CA6173.png","type":"image\/png"}],"twitter_card":"summary_large_image","schema":{"@context":"https:\/\/schema.org","@graph":[{"@type":"WebPage","@id":"https:\/\/bilasmidurinn.is\/en\/vefverslun\/ljos\/ljoskastarar\/led-ljoskastari-med-dagljosi-stoduljosi-og-stefnuljosi\/","url":"https:\/\/bilasmidurinn.is\/en\/vefverslun\/ljos\/ljoskastarar\/led-ljoskastari-med-dagljosi-stoduljosi-og-stefnuljosi\/","name":"LED lj\u00f3skastari me\u00f0 daglj\u00f3si, st\u00f6\u00f0ulj\u00f3si og stefnulj\u00f3si. - B&iacute;lasmi&eth;urinn","isPartOf":{"@id":"https:\/\/bilasmidurinn.is\/#website"},"primaryImageOfPage":{"@id":"https:\/\/bilasmidurinn.is\/en\/vefverslun\/ljos\/ljoskastarar\/led-ljoskastari-med-dagljosi-stoduljosi-og-stefnuljosi\/#primaryimage"},"image":{"@id":"https:\/\/bilasmidurinn.is\/en\/vefverslun\/ljos\/ljoskastarar\/led-ljoskastari-med-dagljosi-stoduljosi-og-stefnuljosi\/#primaryimage"},"thumbnailUrl":"https:\/\/bilasmidurinn.is\/wp-content\/uploads\/2022\/11\/CA6173.png","datePublished":"2022-11-29T14:53:20+00:00","dateModified":"2022-11-29T15:09:57+00:00","breadcrumb":{"@id":"https:\/\/bilasmidurinn.is\/en\/vefverslun\/ljos\/ljoskastarar\/led-ljoskastari-med-dagljosi-stoduljosi-og-stefnuljosi\/#breadcrumb"},"inLanguage":"pl-PL","potentialAction":[{"@type":"ReadAction","target":["https:\/\/bilasmidurinn.is\/en\/vefverslun\/ljos\/ljoskastarar\/led-ljoskastari-med-dagljosi-stoduljosi-og-stefnuljosi\/"]}]},{"@type":"ImageObject","inLanguage":"pl-PL","@id":"https:\/\/bilasmidurinn.is\/en\/vefverslun\/ljos\/ljoskastarar\/led-ljoskastari-med-dagljosi-stoduljosi-og-stefnuljosi\/#primaryimage","url":"https:\/\/bilasmidurinn.is\/wp-content\/uploads\/2022\/11\/CA6173.png","contentUrl":"https:\/\/bilasmidurinn.is\/wp-content\/uploads\/2022\/11\/CA6173.png","width":500,"height":500},{"@type":"BreadcrumbList","@id":"https:\/\/bilasmidurinn.is\/en\/vefverslun\/ljos\/ljoskastarar\/led-ljoskastari-med-dagljosi-stoduljosi-og-stefnuljosi\/#breadcrumb","itemListElement":[{"@type":"ListItem","position":1,"name":"Home","item":"https:\/\/bilasmidurinn.is\/"},{"@type":"ListItem","position":2,"name":"V\u00f6rur \u00ed verslun","item":"https:\/\/bilasmidurinn.is\/vefverslun\/"},{"@type":"ListItem","position":3,"name":"LED lj\u00f3skastari me\u00f0 daglj\u00f3si, st\u00f6\u00f0ulj\u00f3si og stefnulj\u00f3si."}]},{"@type":"WebSite","@id":"https:\/\/bilasmidurinn.is\/#website","url":"https:\/\/bilasmidurinn.is\/","name":"B&iacute;lasmi&eth;urinn","description":"All sem &thorn;&uacute; &thorn;arft &iacute; t&aelig;ki&eth;","potentialAction":[{"@type":"SearchAction","target":{"@type":"EntryPoint","urlTemplate":"https:\/\/bilasmidurinn.is\/?s={search_term_string}"},"query-input":{"@type":"PropertyValueSpecification","valueRequired":true,"valueName":"search_term_string"}}],"inLanguage":"pl-PL"}]}},"_links":{"self":[{"href":"https:\/\/bilasmidurinn.is\/pl\/wp-json\/wp\/v2\/product\/15069","targetHints":{"allow":["GET"]}}],"collection":[{"href":"https:\/\/bilasmidurinn.is\/pl\/wp-json\/wp\/v2\/product"}],"about":[{"href":"https:\/\/bilasmidurinn.is\/pl\/wp-json\/wp\/v2\/types\/product"}],"wp:featuredmedia":[{"embeddable":true,"href":"https:\/\/bilasmidurinn.is\/pl\/wp-json\/wp\/v2\/media\/15070"}],"wp:attachment":[{"href":"https:\/\/bilasmidurinn.is\/pl\/wp-json\/wp\/v2\/media?parent=15069"}],"wp:term":[{"taxonomy":"product_brand","embeddable":true,"href":"https:\/\/bilasmidurinn.is\/pl\/wp-json\/wp\/v2\/product_brand?post=15069"},{"taxonomy":"product_cat","embeddable":true,"href":"https:\/\/bilasmidurinn.is\/pl\/wp-json\/wp\/v2\/product_cat?post=15069"},{"taxonomy":"product_tag","embeddable":true,"href":"https:\/\/bilasmidurinn.is\/pl\/wp-json\/wp\/v2\/product_tag?post=15069"}],"curies":[{"name":"wp","href":"https:\/\/api.w.org\/{rel}","templated":true}]}}

Reflektor LED ze światłem do jazdy dziennej, światłem postojowym i kierunkowskazem.

<p>Światła drogowe LED ze światłami do jazdy dziennej, światłami postojowymi i światłami kierunkowymi. 9″ 12/24v</p>
<p>12800Lm 162W,</p>
<p>ECE R10/48 EMC, CISPR25 klasa 3.</p>
<p>Soczewka z poliwęglanu i obudowa z odlewanego aluminium.</p>
<p>Łączniki ze stali nierdzewnej ze śrubami ze stali nierdzewnej M8 i M10</p>
<p>Kabel 500mm.</p>
<p>Zasięg 740m</p>
<p>233x106x243mm</p>
<p>&nbsp;</p>
<p>&nbsp;</p>

<p>Światła drogowe Led 7″ ze światłami do jazdy dziennej, postojowymi i kierunkowskazami 12/24V Zasięg 740m</p>

<!-- This site is optimized with the Yoast SEO plugin v27.5 - https://yoast.com/product/yoast-seo-wordpress/ -->
<title>LED ljóskastari með dagljósi, stöðuljósi og stefnuljósi. - B&iacute;lasmi&eth;urinn</title>
<meta name="robots" content="index, follow, max-snippet:-1, max-image-preview:large, max-video-preview:-1" />
<link rel="canonical" href="https://bilasmidurinn.is/pl/vefverslun/ljos/ljoskastarar/led-ljoskastari-med-dagljosi-stoduljosi-og-stefnuljosi/" />
<meta property="og:locale" content="pl_PL" />
<meta property="og:type" content="article" />
<meta property="og:title" content="LED ljóskastari með dagljósi, stöðuljósi og stefnuljósi. - B&iacute;lasmi&eth;urinn" />
<meta property="og:description" content="Led 7&quot; ökukastari með dagljósi, stöðuljósi og stefnuljósi 12/24V  740m drægni" />
<meta property="og:url" content="https://bilasmidurinn.is/pl/vefverslun/ljos/ljoskastarar/led-ljoskastari-med-dagljosi-stoduljosi-og-stefnuljosi/" />
<meta property="og:site_name" content="B&iacute;lasmi&eth;urinn" />
<meta property="article:modified_time" content="2022-11-29T15:09:57+00:00" />
<meta property="og:image" content="https://bilasmidurinn.is/wp-content/uploads/2022/11/CA6173.png" />
	<meta property="og:image:width" content="500" />
	<meta property="og:image:height" content="500" />
	<meta property="og:image:type" content="image/png" />
<meta name="twitter:card" content="summary_large_image" />
<script type="application/ld+json" class="yoast-schema-graph">{"@context":"https:\/\/schema.org","@graph":[{"@type":"WebPage","@id":"https:\/\/bilasmidurinn.is\/en\/vefverslun\/ljos\/ljoskastarar\/led-ljoskastari-med-dagljosi-stoduljosi-og-stefnuljosi\/","url":"https:\/\/bilasmidurinn.is\/en\/vefverslun\/ljos\/ljoskastarar\/led-ljoskastari-med-dagljosi-stoduljosi-og-stefnuljosi\/","name":"LED ljóskastari með dagljósi, stöðuljósi og stefnuljósi. - B&iacute;lasmi&eth;urinn","isPartOf":{"@id":"https:\/\/bilasmidurinn.is\/#website"},"primaryImageOfPage":{"@id":"https:\/\/bilasmidurinn.is\/en\/vefverslun\/ljos\/ljoskastarar\/led-ljoskastari-med-dagljosi-stoduljosi-og-stefnuljosi\/#primaryimage"},"image":{"@id":"https:\/\/bilasmidurinn.is\/en\/vefverslun\/ljos\/ljoskastarar\/led-ljoskastari-med-dagljosi-stoduljosi-og-stefnuljosi\/#primaryimage"},"thumbnailUrl":"https:\/\/bilasmidurinn.is\/wp-content\/uploads\/2022\/11\/CA6173.png","datePublished":"2022-11-29T14:53:20+00:00","dateModified":"2022-11-29T15:09:57+00:00","breadcrumb":{"@id":"https:\/\/bilasmidurinn.is\/en\/vefverslun\/ljos\/ljoskastarar\/led-ljoskastari-med-dagljosi-stoduljosi-og-stefnuljosi\/#breadcrumb"},"inLanguage":"pl-PL","potentialAction":[{"@type":"ReadAction","target":["https:\/\/bilasmidurinn.is\/en\/vefverslun\/ljos\/ljoskastarar\/led-ljoskastari-med-dagljosi-stoduljosi-og-stefnuljosi\/"]}]},{"@type":"ImageObject","inLanguage":"pl-PL","@id":"https:\/\/bilasmidurinn.is\/en\/vefverslun\/ljos\/ljoskastarar\/led-ljoskastari-med-dagljosi-stoduljosi-og-stefnuljosi\/#primaryimage","url":"https:\/\/bilasmidurinn.is\/wp-content\/uploads\/2022\/11\/CA6173.png","contentUrl":"https:\/\/bilasmidurinn.is\/wp-content\/uploads\/2022\/11\/CA6173.png","width":500,"height":500},{"@type":"BreadcrumbList","@id":"https:\/\/bilasmidurinn.is\/en\/vefverslun\/ljos\/ljoskastarar\/led-ljoskastari-med-dagljosi-stoduljosi-og-stefnuljosi\/#breadcrumb","itemListElement":[{"@type":"ListItem","position":1,"name":"Home","item":"https:\/\/bilasmidurinn.is\/"},{"@type":"ListItem","position":2,"name":"Vörur í verslun","item":"https:\/\/bilasmidurinn.is\/vefverslun\/"},{"@type":"ListItem","position":3,"name":"LED ljóskastari með dagljósi, stöðuljósi og stefnuljósi."}]},{"@type":"WebSite","@id":"https:\/\/bilasmidurinn.is\/#website","url":"https:\/\/bilasmidurinn.is\/","name":"B&iacute;lasmi&eth;urinn","description":"All sem &thorn;&uacute; &thorn;arft &iacute; t&aelig;ki&eth;","potentialAction":[{"@type":"SearchAction","target":{"@type":"EntryPoint","urlTemplate":"https:\/\/bilasmidurinn.is\/?s={search_term_string}"},"query-input":{"@type":"PropertyValueSpecification","valueRequired":true,"valueName":"search_term_string"}}],"inLanguage":"pl-PL"}]}</script>
<!-- / Yoast SEO plugin. -->

LED ljóskastari með dagljósi, stöðuljósi og stefnuljósi. - B&iacute;lasmi&eth;urinn

Led 7" ökukastari með dagljósi, stöðuljósi og stefnuljósi 12/24V  740m drægni

Vörur í verslun

LED ljóskastari með dagljósi, stöðuljósi og stefnuljósi.
