{"id":14764,"date":"2022-10-19T10:37:42","date_gmt":"2022-10-19T10:37:42","guid":{"rendered":"https:\/\/bilasmidurinn.is\/?post_type=product&#038;p=14764"},"modified":"2022-10-20T08:27:40","modified_gmt":"2022-10-20T08:27:40","slug":"ljosagrind-merceds-vito-viano-2004-2010","status":"publish","type":"product","link":"https:\/\/bilasmidurinn.is\/pl\/vefverslun\/ljosagrindur\/ljosagrind-merceds-vito-viano-2004-2010\/","title":{"rendered":"lekka rama Mercedes Vito\/Viano 2004-2010"},"content":{"rendered":"<p>Lekka rama du\u017ca z homologacj\u0105 UE wykonana ze stali nierdzewnej do Viano\/Vito z lat 2004-2010<\/p>\n<p>Grubo\u015b\u0107 60mm na 3 dodatkowe \u015bwiat\u0142a.<\/p>\n<p>14,3 kg. ze \u015brubami i \u0142\u0105cznikami, czas monta\u017cu ok. 60 min<\/p>\n<p>\u015awiat\u0142a nie s\u0105 wliczone w cen\u0119.<\/p>\n<p>-Specjalne zam\u00f3wienie-!<\/p>","protected":false},"excerpt":{"rendered":"<p>Lekka rama do Mercedesa Vito lub Viano 2004-2010 wraz ze wspornikami<\/p>","protected":false},"featured_media":14765,"template":"","meta":[],"product_brand":[8048,8049],"product_cat":[8050],"product_tag":[],"class_list":{"0":"post-14764","1":"product","2":"type-product","3":"status-publish","4":"has-post-thumbnail","6":"product_brand-niso","7":"product_brand-vool","8":"product_cat-ljosagrindur","10":"first","11":"outofstock","12":"shipping-taxable","13":"product-type-simple"},"yoast_head":"<!-- This site is optimized with the Yoast SEO plugin v27.5 - https:\/\/yoast.com\/product\/yoast-seo-wordpress\/ -->\n<title>lj\u00f3sagrind Merceds Vito\/Viano 2004-2010 - B&iacute;lasmi&eth;urinn<\/title>\n<meta name=\"robots\" content=\"index, follow, max-snippet:-1, max-image-preview:large, max-video-preview:-1\" \/>\n<link rel=\"canonical\" href=\"http:\/\/bilasmidurinn.is\/pl\/vefverslun\/ljosagrindur\/ljosagrind-merceds-vito-viano-2004-2010\/\" \/>\n<meta property=\"og:locale\" content=\"pl_PL\" \/>\n<meta property=\"og:type\" content=\"article\" \/>\n<meta property=\"og:title\" content=\"lj\u00f3sagrind Merceds Vito\/Viano 2004-2010 - B&iacute;lasmi&eth;urinn\" \/>\n<meta property=\"og:description\" content=\"Lj\u00f3sagrind fyrir Mercedes Vito e\u00f0a Viano 2004-2010, me\u00f0 festingum\" \/>\n<meta property=\"og:url\" content=\"http:\/\/bilasmidurinn.is\/pl\/vefverslun\/ljosagrindur\/ljosagrind-merceds-vito-viano-2004-2010\/\" \/>\n<meta property=\"og:site_name\" content=\"B&iacute;lasmi&eth;urinn\" \/>\n<meta property=\"article:modified_time\" content=\"2022-10-20T08:27:40+00:00\" \/>\n<meta property=\"og:image\" content=\"https:\/\/bilasmidurinn.is\/wp-content\/uploads\/2022\/10\/4406_V03-012_stor__.jpg\" \/>\n\t<meta property=\"og:image:width\" content=\"400\" \/>\n\t<meta property=\"og:image:height\" content=\"278\" \/>\n\t<meta property=\"og:image:type\" content=\"image\/jpeg\" \/>\n<meta name=\"twitter:card\" content=\"summary_large_image\" \/>\n<script type=\"application\/ld+json\" class=\"yoast-schema-graph\">{\"@context\":\"https:\\\/\\\/schema.org\",\"@graph\":[{\"@type\":\"WebPage\",\"@id\":\"http:\\\/\\\/bilasmidurinn.is\\\/en\\\/vefverslun\\\/ljosagrindur\\\/ljosagrind-merceds-vito-viano-2004-2010\\\/\",\"url\":\"http:\\\/\\\/bilasmidurinn.is\\\/en\\\/vefverslun\\\/ljosagrindur\\\/ljosagrind-merceds-vito-viano-2004-2010\\\/\",\"name\":\"lj\u00f3sagrind Merceds Vito\\\/Viano 2004-2010 - B&iacute;lasmi&eth;urinn\",\"isPartOf\":{\"@id\":\"https:\\\/\\\/bilasmidurinn.is\\\/#website\"},\"primaryImageOfPage\":{\"@id\":\"http:\\\/\\\/bilasmidurinn.is\\\/en\\\/vefverslun\\\/ljosagrindur\\\/ljosagrind-merceds-vito-viano-2004-2010\\\/#primaryimage\"},\"image\":{\"@id\":\"http:\\\/\\\/bilasmidurinn.is\\\/en\\\/vefverslun\\\/ljosagrindur\\\/ljosagrind-merceds-vito-viano-2004-2010\\\/#primaryimage\"},\"thumbnailUrl\":\"https:\\\/\\\/bilasmidurinn.is\\\/wp-content\\\/uploads\\\/2022\\\/10\\\/4406_V03-012_stor__.jpg\",\"datePublished\":\"2022-10-19T10:37:42+00:00\",\"dateModified\":\"2022-10-20T08:27:40+00:00\",\"breadcrumb\":{\"@id\":\"http:\\\/\\\/bilasmidurinn.is\\\/en\\\/vefverslun\\\/ljosagrindur\\\/ljosagrind-merceds-vito-viano-2004-2010\\\/#breadcrumb\"},\"inLanguage\":\"pl-PL\",\"potentialAction\":[{\"@type\":\"ReadAction\",\"target\":[\"http:\\\/\\\/bilasmidurinn.is\\\/en\\\/vefverslun\\\/ljosagrindur\\\/ljosagrind-merceds-vito-viano-2004-2010\\\/\"]}]},{\"@type\":\"ImageObject\",\"inLanguage\":\"pl-PL\",\"@id\":\"http:\\\/\\\/bilasmidurinn.is\\\/en\\\/vefverslun\\\/ljosagrindur\\\/ljosagrind-merceds-vito-viano-2004-2010\\\/#primaryimage\",\"url\":\"https:\\\/\\\/bilasmidurinn.is\\\/wp-content\\\/uploads\\\/2022\\\/10\\\/4406_V03-012_stor__.jpg\",\"contentUrl\":\"https:\\\/\\\/bilasmidurinn.is\\\/wp-content\\\/uploads\\\/2022\\\/10\\\/4406_V03-012_stor__.jpg\",\"width\":400,\"height\":278},{\"@type\":\"BreadcrumbList\",\"@id\":\"http:\\\/\\\/bilasmidurinn.is\\\/en\\\/vefverslun\\\/ljosagrindur\\\/ljosagrind-merceds-vito-viano-2004-2010\\\/#breadcrumb\",\"itemListElement\":[{\"@type\":\"ListItem\",\"position\":1,\"name\":\"Home\",\"item\":\"https:\\\/\\\/bilasmidurinn.is\\\/\"},{\"@type\":\"ListItem\",\"position\":2,\"name\":\"V\u00f6rur \u00ed verslun\",\"item\":\"https:\\\/\\\/bilasmidurinn.is\\\/vefverslun\\\/\"},{\"@type\":\"ListItem\",\"position\":3,\"name\":\"lj\u00f3sagrind Merceds Vito\\\/Viano 2004-2010\"}]},{\"@type\":\"WebSite\",\"@id\":\"https:\\\/\\\/bilasmidurinn.is\\\/#website\",\"url\":\"https:\\\/\\\/bilasmidurinn.is\\\/\",\"name\":\"B&iacute;lasmi&eth;urinn\",\"description\":\"All sem &thorn;&uacute; &thorn;arft &iacute; t&aelig;ki&eth;\",\"potentialAction\":[{\"@type\":\"SearchAction\",\"target\":{\"@type\":\"EntryPoint\",\"urlTemplate\":\"https:\\\/\\\/bilasmidurinn.is\\\/?s={search_term_string}\"},\"query-input\":{\"@type\":\"PropertyValueSpecification\",\"valueRequired\":true,\"valueName\":\"search_term_string\"}}],\"inLanguage\":\"pl-PL\"}]}<\/script>\n<!-- \/ Yoast SEO plugin. -->","yoast_head_json":{"title":"lj\u00f3sagrind Merceds Vito\/Viano 2004-2010 - B&iacute;lasmi&eth;urinn","robots":{"index":"index","follow":"follow","max-snippet":"max-snippet:-1","max-image-preview":"max-image-preview:large","max-video-preview":"max-video-preview:-1"},"canonical":"http:\/\/bilasmidurinn.is\/pl\/vefverslun\/ljosagrindur\/ljosagrind-merceds-vito-viano-2004-2010\/","og_locale":"pl_PL","og_type":"article","og_title":"lj\u00f3sagrind Merceds Vito\/Viano 2004-2010 - B&iacute;lasmi&eth;urinn","og_description":"Lj\u00f3sagrind fyrir Mercedes Vito e\u00f0a Viano 2004-2010, me\u00f0 festingum","og_url":"http:\/\/bilasmidurinn.is\/pl\/vefverslun\/ljosagrindur\/ljosagrind-merceds-vito-viano-2004-2010\/","og_site_name":"B&iacute;lasmi&eth;urinn","article_modified_time":"2022-10-20T08:27:40+00:00","og_image":[{"width":400,"height":278,"url":"https:\/\/bilasmidurinn.is\/wp-content\/uploads\/2022\/10\/4406_V03-012_stor__.jpg","type":"image\/jpeg"}],"twitter_card":"summary_large_image","schema":{"@context":"https:\/\/schema.org","@graph":[{"@type":"WebPage","@id":"http:\/\/bilasmidurinn.is\/en\/vefverslun\/ljosagrindur\/ljosagrind-merceds-vito-viano-2004-2010\/","url":"http:\/\/bilasmidurinn.is\/en\/vefverslun\/ljosagrindur\/ljosagrind-merceds-vito-viano-2004-2010\/","name":"lj\u00f3sagrind Merceds Vito\/Viano 2004-2010 - B&iacute;lasmi&eth;urinn","isPartOf":{"@id":"https:\/\/bilasmidurinn.is\/#website"},"primaryImageOfPage":{"@id":"http:\/\/bilasmidurinn.is\/en\/vefverslun\/ljosagrindur\/ljosagrind-merceds-vito-viano-2004-2010\/#primaryimage"},"image":{"@id":"http:\/\/bilasmidurinn.is\/en\/vefverslun\/ljosagrindur\/ljosagrind-merceds-vito-viano-2004-2010\/#primaryimage"},"thumbnailUrl":"https:\/\/bilasmidurinn.is\/wp-content\/uploads\/2022\/10\/4406_V03-012_stor__.jpg","datePublished":"2022-10-19T10:37:42+00:00","dateModified":"2022-10-20T08:27:40+00:00","breadcrumb":{"@id":"http:\/\/bilasmidurinn.is\/en\/vefverslun\/ljosagrindur\/ljosagrind-merceds-vito-viano-2004-2010\/#breadcrumb"},"inLanguage":"pl-PL","potentialAction":[{"@type":"ReadAction","target":["http:\/\/bilasmidurinn.is\/en\/vefverslun\/ljosagrindur\/ljosagrind-merceds-vito-viano-2004-2010\/"]}]},{"@type":"ImageObject","inLanguage":"pl-PL","@id":"http:\/\/bilasmidurinn.is\/en\/vefverslun\/ljosagrindur\/ljosagrind-merceds-vito-viano-2004-2010\/#primaryimage","url":"https:\/\/bilasmidurinn.is\/wp-content\/uploads\/2022\/10\/4406_V03-012_stor__.jpg","contentUrl":"https:\/\/bilasmidurinn.is\/wp-content\/uploads\/2022\/10\/4406_V03-012_stor__.jpg","width":400,"height":278},{"@type":"BreadcrumbList","@id":"http:\/\/bilasmidurinn.is\/en\/vefverslun\/ljosagrindur\/ljosagrind-merceds-vito-viano-2004-2010\/#breadcrumb","itemListElement":[{"@type":"ListItem","position":1,"name":"Home","item":"https:\/\/bilasmidurinn.is\/"},{"@type":"ListItem","position":2,"name":"V\u00f6rur \u00ed verslun","item":"https:\/\/bilasmidurinn.is\/vefverslun\/"},{"@type":"ListItem","position":3,"name":"lj\u00f3sagrind Merceds Vito\/Viano 2004-2010"}]},{"@type":"WebSite","@id":"https:\/\/bilasmidurinn.is\/#website","url":"https:\/\/bilasmidurinn.is\/","name":"B&iacute;lasmi&eth;urinn","description":"All sem &thorn;&uacute; &thorn;arft &iacute; t&aelig;ki&eth;","potentialAction":[{"@type":"SearchAction","target":{"@type":"EntryPoint","urlTemplate":"https:\/\/bilasmidurinn.is\/?s={search_term_string}"},"query-input":{"@type":"PropertyValueSpecification","valueRequired":true,"valueName":"search_term_string"}}],"inLanguage":"pl-PL"}]}},"_links":{"self":[{"href":"https:\/\/bilasmidurinn.is\/pl\/wp-json\/wp\/v2\/product\/14764","targetHints":{"allow":["GET"]}}],"collection":[{"href":"https:\/\/bilasmidurinn.is\/pl\/wp-json\/wp\/v2\/product"}],"about":[{"href":"https:\/\/bilasmidurinn.is\/pl\/wp-json\/wp\/v2\/types\/product"}],"wp:featuredmedia":[{"embeddable":true,"href":"https:\/\/bilasmidurinn.is\/pl\/wp-json\/wp\/v2\/media\/14765"}],"wp:attachment":[{"href":"https:\/\/bilasmidurinn.is\/pl\/wp-json\/wp\/v2\/media?parent=14764"}],"wp:term":[{"taxonomy":"product_brand","embeddable":true,"href":"https:\/\/bilasmidurinn.is\/pl\/wp-json\/wp\/v2\/product_brand?post=14764"},{"taxonomy":"product_cat","embeddable":true,"href":"https:\/\/bilasmidurinn.is\/pl\/wp-json\/wp\/v2\/product_cat?post=14764"},{"taxonomy":"product_tag","embeddable":true,"href":"https:\/\/bilasmidurinn.is\/pl\/wp-json\/wp\/v2\/product_tag?post=14764"}],"curies":[{"name":"wp","href":"https:\/\/api.w.org\/{rel}","templated":true}]}}

<p>Lekka rama duża z homologacją UE wykonana ze stali nierdzewnej do Viano/Vito z lat 2004-2010</p>
<p>Grubość 60mm na 3 dodatkowe światła.</p>
<p>14,3 kg. ze śrubami i łącznikami, czas montażu ok. 60 min</p>
<p>Światła nie są wliczone w cenę.</p>
<p>-Specjalne zamówienie-!</p>

<!-- This site is optimized with the Yoast SEO plugin v27.5 - https://yoast.com/product/yoast-seo-wordpress/ -->
<title>ljósagrind Merceds Vito/Viano 2004-2010 - B&iacute;lasmi&eth;urinn</title>
<meta name="robots" content="index, follow, max-snippet:-1, max-image-preview:large, max-video-preview:-1" />
<link rel="canonical" href="http://bilasmidurinn.is/pl/vefverslun/ljosagrindur/ljosagrind-merceds-vito-viano-2004-2010/" />
<meta property="og:locale" content="pl_PL" />
<meta property="og:type" content="article" />
<meta property="og:title" content="ljósagrind Merceds Vito/Viano 2004-2010 - B&iacute;lasmi&eth;urinn" />
<meta property="og:description" content="Ljósagrind fyrir Mercedes Vito eða Viano 2004-2010, með festingum" />
<meta property="og:url" content="http://bilasmidurinn.is/pl/vefverslun/ljosagrindur/ljosagrind-merceds-vito-viano-2004-2010/" />
<meta property="og:site_name" content="B&iacute;lasmi&eth;urinn" />
<meta property="article:modified_time" content="2022-10-20T08:27:40+00:00" />
<meta property="og:image" content="https://bilasmidurinn.is/wp-content/uploads/2022/10/4406_V03-012_stor__.jpg" />
	<meta property="og:image:width" content="400" />
	<meta property="og:image:height" content="278" />
	<meta property="og:image:type" content="image/jpeg" />
<meta name="twitter:card" content="summary_large_image" />
<script type="application/ld+json" class="yoast-schema-graph">{"@context":"https:\/\/schema.org","@graph":[{"@type":"WebPage","@id":"http:\/\/bilasmidurinn.is\/en\/vefverslun\/ljosagrindur\/ljosagrind-merceds-vito-viano-2004-2010\/","url":"http:\/\/bilasmidurinn.is\/en\/vefverslun\/ljosagrindur\/ljosagrind-merceds-vito-viano-2004-2010\/","name":"ljósagrind Merceds Vito\/Viano 2004-2010 - B&iacute;lasmi&eth;urinn","isPartOf":{"@id":"https:\/\/bilasmidurinn.is\/#website"},"primaryImageOfPage":{"@id":"http:\/\/bilasmidurinn.is\/en\/vefverslun\/ljosagrindur\/ljosagrind-merceds-vito-viano-2004-2010\/#primaryimage"},"image":{"@id":"http:\/\/bilasmidurinn.is\/en\/vefverslun\/ljosagrindur\/ljosagrind-merceds-vito-viano-2004-2010\/#primaryimage"},"thumbnailUrl":"https:\/\/bilasmidurinn.is\/wp-content\/uploads\/2022\/10\/4406_V03-012_stor__.jpg","datePublished":"2022-10-19T10:37:42+00:00","dateModified":"2022-10-20T08:27:40+00:00","breadcrumb":{"@id":"http:\/\/bilasmidurinn.is\/en\/vefverslun\/ljosagrindur\/ljosagrind-merceds-vito-viano-2004-2010\/#breadcrumb"},"inLanguage":"pl-PL","potentialAction":[{"@type":"ReadAction","target":["http:\/\/bilasmidurinn.is\/en\/vefverslun\/ljosagrindur\/ljosagrind-merceds-vito-viano-2004-2010\/"]}]},{"@type":"ImageObject","inLanguage":"pl-PL","@id":"http:\/\/bilasmidurinn.is\/en\/vefverslun\/ljosagrindur\/ljosagrind-merceds-vito-viano-2004-2010\/#primaryimage","url":"https:\/\/bilasmidurinn.is\/wp-content\/uploads\/2022\/10\/4406_V03-012_stor__.jpg","contentUrl":"https:\/\/bilasmidurinn.is\/wp-content\/uploads\/2022\/10\/4406_V03-012_stor__.jpg","width":400,"height":278},{"@type":"BreadcrumbList","@id":"http:\/\/bilasmidurinn.is\/en\/vefverslun\/ljosagrindur\/ljosagrind-merceds-vito-viano-2004-2010\/#breadcrumb","itemListElement":[{"@type":"ListItem","position":1,"name":"Home","item":"https:\/\/bilasmidurinn.is\/"},{"@type":"ListItem","position":2,"name":"Vörur í verslun","item":"https:\/\/bilasmidurinn.is\/vefverslun\/"},{"@type":"ListItem","position":3,"name":"ljósagrind Merceds Vito\/Viano 2004-2010"}]},{"@type":"WebSite","@id":"https:\/\/bilasmidurinn.is\/#website","url":"https:\/\/bilasmidurinn.is\/","name":"B&iacute;lasmi&eth;urinn","description":"All sem &thorn;&uacute; &thorn;arft &iacute; t&aelig;ki&eth;","potentialAction":[{"@type":"SearchAction","target":{"@type":"EntryPoint","urlTemplate":"https:\/\/bilasmidurinn.is\/?s={search_term_string}"},"query-input":{"@type":"PropertyValueSpecification","valueRequired":true,"valueName":"search_term_string"}}],"inLanguage":"pl-PL"}]}</script>
<!-- / Yoast SEO plugin. -->

ljósagrind Merceds Vito/Viano 2004-2010 - B&iacute;lasmi&eth;urinn

Ljósagrind fyrir Mercedes Vito eða Viano 2004-2010, með festingum

Vörur í verslun

ljósagrind Merceds Vito/Viano 2004-2010
